{"id":6202,"date":"2023-01-25T07:23:27","date_gmt":"2023-01-25T07:23:27","guid":{"rendered":"https:\/\/www.vsconengineering.com\/vscon\/?page_id=6202"},"modified":"2023-12-27T14:57:32","modified_gmt":"2023-12-27T14:57:32","slug":"quality-policy","status":"publish","type":"page","link":"https:\/\/www.vsconengineering.com\/vscon\/quality-policy\/","title":{"rendered":"Quality Policy"},"content":{"rendered":"\t\t<div data-elementor-type=\"wp-page\" data-elementor-id=\"6202\" class=\"elementor elementor-6202\">\n\t\t\t\t\t\t<section class=\"elementor-section elementor-top-section elementor-element elementor-element-3737a1a elementor-section-boxed elementor-section-height-default elementor-section-height-default\" data-id=\"3737a1a\" data-element_type=\"section\">\n\t\t\t\t\t\t<div class=\"elementor-container elementor-column-gap-default\">\n\t\t\t\t\t<div class=\"elementor-column elementor-col-50 elementor-top-column elementor-element elementor-element-e698652\" data-id=\"e698652\" data-element_type=\"column\">\n\t\t\t<div class=\"elementor-widget-wrap elementor-element-populated\">\n\t\t\t\t\t\t<div class=\"elementor-element elementor-element-0a70789 elementor-widget elementor-widget-image\" data-id=\"0a70789\" data-element_type=\"widget\" data-widget_type=\"image.default\">\n\t\t\t\t<div class=\"elementor-widget-container\">\n\t\t\t\t\t\t\t\t\t\t\t\t\t\t\t<img fetchpriority=\"high\" decoding=\"async\" width=\"768\" height=\"512\" src=\"https:\/\/www.vsconengineering.com\/vscon\/wp-content\/uploads\/2023\/02\/20944104-768x512.jpg\" class=\"attachment-medium_large size-medium_large wp-image-6385\" alt=\"\" srcset=\"https:\/\/www.vsconengineering.com\/vscon\/wp-content\/uploads\/2023\/02\/20944104-768x512.jpg 768w, https:\/\/www.vsconengineering.com\/vscon\/wp-content\/uploads\/2023\/02\/20944104-300x200.jpg 300w, https:\/\/www.vsconengineering.com\/vscon\/wp-content\/uploads\/2023\/02\/20944104-1024x683.jpg 1024w, https:\/\/www.vsconengineering.com\/vscon\/wp-content\/uploads\/2023\/02\/20944104-1536x1024.jpg 1536w, https:\/\/www.vsconengineering.com\/vscon\/wp-content\/uploads\/2023\/02\/20944104-2048x1365.jpg 2048w, https:\/\/www.vsconengineering.com\/vscon\/wp-content\/uploads\/2023\/02\/20944104-630x420.jpg 630w\" sizes=\"(max-width: 768px) 100vw, 768px\" \/>\t\t\t\t\t\t\t\t\t\t\t\t\t\t\t<\/div>\n\t\t\t\t<\/div>\n\t\t\t\t\t<\/div>\n\t\t<\/div>\n\t\t\t\t<div class=\"elementor-column elementor-col-50 elementor-top-column elementor-element elementor-element-af3bd76\" data-id=\"af3bd76\" data-element_type=\"column\">\n\t\t\t<div class=\"elementor-widget-wrap elementor-element-populated\">\n\t\t\t\t\t\t<div class=\"elementor-element elementor-element-aa94bb1 elementor-widget elementor-widget-text-editor\" data-id=\"aa94bb1\" data-element_type=\"widget\" data-widget_type=\"text-editor.default\">\n\t\t\t\t<div class=\"elementor-widget-container\">\n\t\t\t\t\t\t\t\t\t<h4 style=\"color: #202020;\">\u00a0QUALITY POLICY<\/h4><p style=\"margin-bottom: 20px; letter-spacing: 0.4px;\"><span style=\"color: #003300;\">WE AT\u00a0Vscon\u00a0ENGINEERING PVT. LTD. MANUFACTURE TERMINALS CONNECTORS AS PER CUSTOMER\u2019S REQUIREMENTS AND IS COMMITED FOR CUSTOMER SATISFACTION BY CONTINUOUSLY STRIVING EXCELLENCE IN PRODUCTIVITY, QUALITY &amp; DELIVERY.<\/span><\/p>\t\t\t\t\t\t\t\t<\/div>\n\t\t\t\t<\/div>\n\t\t\t\t\t<\/div>\n\t\t<\/div>\n\t\t\t\t\t<\/div>\n\t\t<\/section>\n\t\t\t\t<section class=\"elementor-section elementor-top-section elementor-element elementor-element-8f38259 elementor-section-boxed elementor-section-height-default elementor-section-height-default\" data-id=\"8f38259\" data-element_type=\"section\">\n\t\t\t\t\t\t<div class=\"elementor-container elementor-column-gap-default\">\n\t\t\t\t\t<div class=\"elementor-column elementor-col-50 elementor-top-column elementor-element elementor-element-a4e48d0\" data-id=\"a4e48d0\" data-element_type=\"column\">\n\t\t\t<div class=\"elementor-widget-wrap elementor-element-populated\">\n\t\t\t\t\t\t<div class=\"elementor-element elementor-element-aafb618 elementor-widget elementor-widget-text-editor\" data-id=\"aafb618\" data-element_type=\"widget\" data-widget_type=\"text-editor.default\">\n\t\t\t\t<div class=\"elementor-widget-container\">\n\t\t\t\t\t\t\t\t\t<h4 style=\"color: #000000;\"><span style=\"color: #000;\">THROUGH<\/span><\/h4><p><span style=\"color: #003300;\">CONTINUALLY IMPROVING QUALITY OF PRODUCT, PROCESS AND SYSTEM<\/span><\/p><p><span style=\"color: #003300;\">PROMOTING KAIZEN CULTURE AT EACH LEVEL<\/span><\/p><p><span style=\"letter-spacing: 0.4px; color: #003300;\">FULFILLING CUSTOMER REQUIREMENT, CUSTOMER SATISFACTION WILL BE CONSIDERED OVERRIDING CRITERIA<\/span><\/p><p><span style=\"color: #003300;\"><span style=\"letter-spacing: 0.4px;\">FOLLOWING DOCUMENTED QUALITY SYSTEM INLINE WITH IATF 16949:2016 STANDARD<\/span><em>\u00a0<\/em><\/span><\/p>\t\t\t\t\t\t\t\t<\/div>\n\t\t\t\t<\/div>\n\t\t\t\t\t<\/div>\n\t\t<\/div>\n\t\t\t\t<div class=\"elementor-column elementor-col-50 elementor-top-column elementor-element elementor-element-d4b5efd\" data-id=\"d4b5efd\" data-element_type=\"column\">\n\t\t\t<div class=\"elementor-widget-wrap elementor-element-populated\">\n\t\t\t\t\t\t<div class=\"elementor-element elementor-element-8c49752 elementor-widget elementor-widget-image\" data-id=\"8c49752\" data-element_type=\"widget\" data-widget_type=\"image.default\">\n\t\t\t\t<div class=\"elementor-widget-container\">\n\t\t\t\t\t\t\t\t\t\t\t\t\t\t\t<img decoding=\"async\" width=\"300\" height=\"300\" src=\"https:\/\/www.vsconengineering.com\/vscon\/wp-content\/uploads\/2023\/02\/5411395-300x300.jpg\" class=\"attachment-medium size-medium wp-image-6397\" alt=\"\" srcset=\"https:\/\/www.vsconengineering.com\/vscon\/wp-content\/uploads\/2023\/02\/5411395-300x300.jpg 300w, https:\/\/www.vsconengineering.com\/vscon\/wp-content\/uploads\/2023\/02\/5411395-1024x1024.jpg 1024w, https:\/\/www.vsconengineering.com\/vscon\/wp-content\/uploads\/2023\/02\/5411395-150x150.jpg 150w, https:\/\/www.vsconengineering.com\/vscon\/wp-content\/uploads\/2023\/02\/5411395-768x768.jpg 768w, https:\/\/www.vsconengineering.com\/vscon\/wp-content\/uploads\/2023\/02\/5411395-120x120.jpg 120w, https:\/\/www.vsconengineering.com\/vscon\/wp-content\/uploads\/2023\/02\/5411395-1536x1536.jpg 1536w, https:\/\/www.vsconengineering.com\/vscon\/wp-content\/uploads\/2023\/02\/5411395-480x480.jpg 480w, https:\/\/www.vsconengineering.com\/vscon\/wp-content\/uploads\/2023\/02\/5411395-46x46.jpg 46w, https:\/\/www.vsconengineering.com\/vscon\/wp-content\/uploads\/2023\/02\/5411395-630x630.jpg 630w, https:\/\/www.vsconengineering.com\/vscon\/wp-content\/uploads\/2023\/02\/5411395-100x100.jpg 100w, https:\/\/www.vsconengineering.com\/vscon\/wp-content\/uploads\/2023\/02\/5411395-54x54.jpg 54w, https:\/\/www.vsconengineering.com\/vscon\/wp-content\/uploads\/2023\/02\/5411395-310x310.jpg 310w, https:\/\/www.vsconengineering.com\/vscon\/wp-content\/uploads\/2023\/02\/5411395-80x80.jpg 80w, https:\/\/www.vsconengineering.com\/vscon\/wp-content\/uploads\/2023\/02\/5411395.jpg 2000w\" sizes=\"(max-width: 300px) 100vw, 300px\" \/>\t\t\t\t\t\t\t\t\t\t\t\t\t\t\t<\/div>\n\t\t\t\t<\/div>\n\t\t\t\t\t<\/div>\n\t\t<\/div>\n\t\t\t\t\t<\/div>\n\t\t<\/section>\n\t\t\t\t<section class=\"elementor-section elementor-top-section elementor-element elementor-element-6746420 elementor-section-boxed elementor-section-height-default elementor-section-height-default\" data-id=\"6746420\" data-element_type=\"section\">\n\t\t\t\t\t\t<div class=\"elementor-container elementor-column-gap-default\">\n\t\t\t\t\t<div class=\"elementor-column elementor-col-50 elementor-top-column elementor-element elementor-element-2b3fbdc\" data-id=\"2b3fbdc\" data-element_type=\"column\">\n\t\t\t<div class=\"elementor-widget-wrap elementor-element-populated\">\n\t\t\t\t\t\t<div class=\"elementor-element elementor-element-9d4a381 elementor-widget elementor-widget-image\" data-id=\"9d4a381\" data-element_type=\"widget\" data-widget_type=\"image.default\">\n\t\t\t\t<div class=\"elementor-widget-container\">\n\t\t\t\t\t\t\t\t\t\t\t\t\t\t\t<img decoding=\"async\" width=\"768\" height=\"768\" src=\"https:\/\/www.vsconengineering.com\/vscon\/wp-content\/uploads\/2023\/02\/6075528-768x768.jpg\" class=\"attachment-medium_large size-medium_large wp-image-6387\" alt=\"\" srcset=\"https:\/\/www.vsconengineering.com\/vscon\/wp-content\/uploads\/2023\/02\/6075528-768x768.jpg 768w, https:\/\/www.vsconengineering.com\/vscon\/wp-content\/uploads\/2023\/02\/6075528-300x300.jpg 300w, https:\/\/www.vsconengineering.com\/vscon\/wp-content\/uploads\/2023\/02\/6075528-1024x1024.jpg 1024w, https:\/\/www.vsconengineering.com\/vscon\/wp-content\/uploads\/2023\/02\/6075528-150x150.jpg 150w, https:\/\/www.vsconengineering.com\/vscon\/wp-content\/uploads\/2023\/02\/6075528-120x120.jpg 120w, https:\/\/www.vsconengineering.com\/vscon\/wp-content\/uploads\/2023\/02\/6075528-1536x1536.jpg 1536w, https:\/\/www.vsconengineering.com\/vscon\/wp-content\/uploads\/2023\/02\/6075528-480x480.jpg 480w, https:\/\/www.vsconengineering.com\/vscon\/wp-content\/uploads\/2023\/02\/6075528-46x46.jpg 46w, https:\/\/www.vsconengineering.com\/vscon\/wp-content\/uploads\/2023\/02\/6075528-630x630.jpg 630w, https:\/\/www.vsconengineering.com\/vscon\/wp-content\/uploads\/2023\/02\/6075528-100x100.jpg 100w, https:\/\/www.vsconengineering.com\/vscon\/wp-content\/uploads\/2023\/02\/6075528-54x54.jpg 54w, https:\/\/www.vsconengineering.com\/vscon\/wp-content\/uploads\/2023\/02\/6075528-310x310.jpg 310w, https:\/\/www.vsconengineering.com\/vscon\/wp-content\/uploads\/2023\/02\/6075528-80x80.jpg 80w, https:\/\/www.vsconengineering.com\/vscon\/wp-content\/uploads\/2023\/02\/6075528.jpg 2000w\" sizes=\"(max-width: 768px) 100vw, 768px\" \/>\t\t\t\t\t\t\t\t\t\t\t\t\t\t\t<\/div>\n\t\t\t\t<\/div>\n\t\t\t\t\t<\/div>\n\t\t<\/div>\n\t\t\t\t<div class=\"elementor-column elementor-col-50 elementor-top-column elementor-element elementor-element-e12c707\" data-id=\"e12c707\" data-element_type=\"column\">\n\t\t\t<div class=\"elementor-widget-wrap elementor-element-populated\">\n\t\t\t\t\t\t<div class=\"elementor-element elementor-element-68fa5e7 elementor-widget elementor-widget-text-editor\" data-id=\"68fa5e7\" data-element_type=\"widget\" data-widget_type=\"text-editor.default\">\n\t\t\t\t<div class=\"elementor-widget-container\">\n\t\t\t\t\t\t\t\t\t<h4 style=\"color: #202020;\">QUALITY OBJECTIVES<\/h4><p style=\"margin-bottom: 20px; letter-spacing: 0.4px; text-align: center;\"><span style=\"color: #003300;\">Top management has a system to ensure that quality objectives, including those needed to meet requirements for product are established at relevant functions and levels within the organization. The quality objectives are measurable and consistent with the quality policy. Quality objectives are defined and are mentioned in the business plan of the company. Business plan has covered all the objectives of the company in the mode of specific, measurable, time bounded and achievable.<\/span><\/p>\t\t\t\t\t\t\t\t<\/div>\n\t\t\t\t<\/div>\n\t\t\t\t\t<\/div>\n\t\t<\/div>\n\t\t\t\t\t<\/div>\n\t\t<\/section>\n\t\t\t\t<\/div>\n\t\t","protected":false},"excerpt":{"rendered":"<p>\u00a0QUALITY POLICY WE AT\u00a0Vscon\u00a0ENGINEERING PVT. LTD. MANUFACTURE TERMINALS CONNECTORS AS PER CUSTOMER\u2019S REQUIREMENTS AND IS COMMITED FOR CUSTOMER SATISFACTION BY CONTINUOUSLY STRIVING EXCELLENCE IN PRODUCTIVITY, QUALITY &amp; DELIVERY. Premi\u00e8rement, vous \u00eates le plus d\u00e9sagr\u00e9able physiquement, surtout \u00e0 l&#8217;\u00e2ge de 28 ans et plus. Le point n&#8217;est pas dans les traits du visage, bien que l&#8217;ovale [&hellip;]<\/p>\n","protected":false},"author":1,"featured_media":0,"parent":0,"menu_order":0,"comment_status":"closed","ping_status":"closed","template":"","meta":{"_monsterinsights_skip_tracking":false,"_monsterinsights_sitenote_active":false,"_monsterinsights_sitenote_note":"","_monsterinsights_sitenote_category":0,"footnotes":""},"class_list":["post-6202","page","type-page","status-publish","hentry"],"aioseo_notices":[],"_links":{"self":[{"href":"https:\/\/www.vsconengineering.com\/vscon\/wp-json\/wp\/v2\/pages\/6202","targetHints":{"allow":["GET"]}}],"collection":[{"href":"https:\/\/www.vsconengineering.com\/vscon\/wp-json\/wp\/v2\/pages"}],"about":[{"href":"https:\/\/www.vsconengineering.com\/vscon\/wp-json\/wp\/v2\/types\/page"}],"author":[{"embeddable":true,"href":"https:\/\/www.vsconengineering.com\/vscon\/wp-json\/wp\/v2\/users\/1"}],"replies":[{"embeddable":true,"href":"https:\/\/www.vsconengineering.com\/vscon\/wp-json\/wp\/v2\/comments?post=6202"}],"version-history":[{"count":66,"href":"https:\/\/www.vsconengineering.com\/vscon\/wp-json\/wp\/v2\/pages\/6202\/revisions"}],"predecessor-version":[{"id":8254,"href":"https:\/\/www.vsconengineering.com\/vscon\/wp-json\/wp\/v2\/pages\/6202\/revisions\/8254"}],"wp:attachment":[{"href":"https:\/\/www.vsconengineering.com\/vscon\/wp-json\/wp\/v2\/media?parent=6202"}],"curies":[{"name":"wp","href":"https:\/\/api.w.org\/{rel}","templated":true}]}}